*(5 + -8 - 0).
2, 1483
Suppose 26414*o - 26425*o - 39693 = -122831. What are the prime factors of o?
2, 3779
Let c(v) = 240*v + 181. List the prime factors of c(12).
3061
Let m = 42946 + 11174. What are the prime factors of m?
2, 3, 5, 11, 41
Let u(r) = 13*r + 11. Let m be u(9). Suppose n = 28 + 34. Let d = m - n. List the prime factors of d.
2, 3, 11
Suppose -q - 5*w + 96847 = 15369, 4*q + 5*w - 325852 = 0. Suppose 58*v + 258 = q. What are the prime factors of v?
2, 5, 7
Let u be (-2 - (-2 + -3))*-1. Let z be ((-3)/2)/(3*u/18). Suppose h - 23 = -7*y + 3*y, 8 = -y - z*h. What are the prime factors of y?
7
Suppose 3*s - 5949 = -g + 8985, g = -s + 14924. List the prime factors of g.
3, 4973
Let z(u) = -u**2 + 30*u - 54. Suppose -q + 8*q + 77 = 0. Let y be -8 - q - (2 - 24). List the prime factors of z(y).
71
Suppose 0 = 3*g - 25 - 2. Suppose -9 = -0*l + g*l. What are the prime factors of ((-378)/(-12))/((l/2)/(-1))?
3, 7
Let b be ((-132)/(-121))/(-6) - (-70)/22. Suppose 3*n + 873 = 4*q, -b*q + 4*n - 661 = -6*q. List the prime factors of q.
3, 73
Let i = -715 - -1948. What are the prime factors of i?
3, 137
Let p(v) = -v**3 - 13*v**2 + 15*v + 27. Let k(d) = 5*d + 15. Let f be k(-4). Let t be (-1)/((f/(-10))/(1 - -6)). What are the prime factors of p(t)?
13
Let p = 114 - 104. Suppose -548 = p*y - 14*y. List the prime factors of y.
137
Suppose 2*h = 4*h + 16. Let s be 104/39*(-162)/h. Suppose -9*f + 6*f + s = 0. List the prime factors of f.
2, 3
Let q = 8 - -13. Let o = q + -38. Let m(i) = i**3 + 17*i**2 - 9*i + 36. List the prime factors of m(o).
3, 7
Suppose 0 = -6979*f + 6963*f + 8432. List the prime factors of f.
17, 31
List the prime factors of -2*(-2)/8*((-37 - -24) + 29079).
14533
Let y(h) = 3*h - 13. Let o be y(4). What are the prime factors of o/((-2)/(-12)) + 182?
2, 11
What are the prime factors of 2/29 - (14 - 2037112/319)?
2, 3, 59
Let l(b) = -4*b**2 + 1. Let z(n) = 21*n**2 + 5*n + 10. Let f(m) = -6*l(m) + z(m). Suppose 7*j + 4 = 3*j. List the prime factors of f(j).
2, 11
Let o(t) = -64*t**3 + 4*t**2 + 15*t + 81. What are the prime factors of o(-5)?
2, 3, 7, 193
Let t = 3896 - 2259. Suppose 5*q = v + 2759, 10*v - 14*v + t = 3*q. List the prime factors of q.
19, 29
Suppose -2*o + 126 = -9*o. What are the prime factors of (36/o)/((-6)/3723)?
17, 73
Suppose -25*v - 2495452 = -341*v. What are the prime factors of v?
53, 149
Suppose -15*f + 69 = -6. List the prime factors of (-130026)/(-156) - f/(-2).
2, 11, 19
Let i(r) = -21*r + 87. Let y be i(16). Let p = y - -422. List the prime factors of p.
173
Let h(j) = -28*j**2 - 8*j + 6. Let r be h(4). Let q = -417 - r. List the prime factors of q.
3, 19
Let h be ((-65)/(-10) + -5)*(-20)/(-1). Let c be ((-4)/(-3))/(h/(-135)). List the prime factors of (-583)/(-15) + c/(-45).
3, 13
Suppose -4*k - 2*g + 1 = 29, -3*g + 14 = -k. Let l(v) be the third derivative of v**5/60 - 5*v**4/12 - 5*v**3/6 + 2*v**2 + 26*v. List the prime factors of l(k).
139
Let v(j) = 5*j - 59. Let n be v(13). Let w be 9308/(-39)*n/(-4). Let s = w - 219. What are the prime factors of s?
139
Suppose 0 = 43*l - 82*l + 230997. List the prime factors of l.
5923
Let y be 1 + 34 + 10/(-5). Suppose 3078 = 3*q - 2*g, -y*q = -32*q - 4*g - 1036. What are the prime factors of q?
2
Let t(r) = -11*r + 40. Let q be t(3). Suppose 0 = 5*x + 2*h - 3128, 5*h - q = 13. What are the prime factors of x?
2, 3, 13
What are the prime factors of (-7)/((-5)/(-1) - 4) - (-45 + -47439)?
197, 241
Let i be 76/(-760) + (-30179)/10. List the prime factors of 3/((48/32)/(i/(-4))).
3, 503
Suppose 0 = 2*b - 4*c + 34, 9 + 6 = 3*c. Let l = 343 + b. List the prime factors of l.
2, 3, 7
Let h(c) = -4756*c**2 + 0*c + 4755*c**2 + 35 + 8*c. Let t be h(11). Suppose -5*m + t*j + 979 = 0, -m = -2*m - 5*j + 185. What are the prime factors of m?
3, 5, 13
Suppose 0 = 15*g + 130 - 760. Let m = 105 - g. Suppose 0 = -10*y - 23 + m. What are the prime factors of y?
2
Let b(t) = -t**3 - 36*t**2 - 60*t - 157. List the prime factors of b(-44).
17971
Let i(g) = -g**3 + 9*g**2 - 5*g + 6. Let m be 10 + -9 + (8 - 2). What are the prime factors of i(m)?
3, 23
Suppose -7062 = -4*k - 3*b, 7*k + 3*b - 8826 = 2*k. Suppose 42*g - 38*g = k. What are the prime factors of g?
3, 7
Let j(u) = 3*u**2 + u + 9. Let w(b) = b**2. Let l(y) = -j(y) + 5*w(y). What are the prime factors of l(-5)?
2, 23
Let x(z) = z**3 + 11*z**2 + 8. Let v(c) = c**3 + c**2 - c. Let b(o) = o - 9. Let w be b(10). Let i(j) = w*x(j) - 2*v(j). What are the prime factors of i(5)?
2, 59
Suppose 6*h = -18 + 90. Suppose -h = 4*n - 36. Suppose n*d - 305 = d. List the prime factors of d.
61
Suppose 4*l = 13*l - 27. Suppose -2*z - 290 = -5*c - 4*z, l*c = -z + 175. What are the prime factors of c?
2, 3, 5
Let i be 91/(-5) - ((-15)/(-25))/(-3). Let m = i - -21. What are the prime factors of 2/(-6) - ((-19)/m - 3)?
3
Let q(v) be the third derivative of -v**6/120 + 17*v**5/60 - 19*v**4/24 + 5*v**3/2 + 14*v**2. Let f be q(16). Let r = f + 44. List the prime factors of r.
11
Let d(p) = p**2 + p - 2. Let j(v) = -14*v**2 + 11*v - 13. Let n(a) = 2*d(a) - j(a). List the prime factors of n(-7).
2, 107
Suppose -91356 = 952*g - 964*g. List the prime factors of g.
23, 331
Let a(s) be the third derivative of s**6/90 - s**5/20 - 19*s**4/24 - 17*s**2. Let i(c) be the second derivative of a(c). What are the prime factors of i(10)?
2, 37
Let y = -66091 + 125121. List the prime factors of y.
2, 5, 5903
Let q = -5000 + 9338. List the prime factors of q.
2, 3, 241
What are the prime factors of (431512/(-14))/(-1) - 42/147?
2, 3, 11, 467
Suppose 2*m - 33798 = -2*f, -11*m - 4*f = -14*m + 50739. What are the prime factors of m?
3, 5, 7, 23
Let u(h) be the first derivative of -h**2/2 + 46*h - 21. What are the prime factors of u(19)?
3
Suppose -5*o - 19 = -2*n, 2*o - 3*o - 3 = 0. Suppose 2*d = n*r + 3*r - 300, -r = 3*d - 43. Let s = -18 + r. List the prime factors of s.
2, 5
Let m = -386 + 529. Suppose 0 = -m*i + 128*i + 9375. What are the prime factors of i?
5
Let x(a) = -a**3 + 14*a**2 + 43*a + 1. Let o be ((-6)/18)/(6/(-270)). What are the prime factors of x(o)?
421
Let r(h) = -142*h + 6905. What are the prime factors of r(45)?
5, 103
Suppose 2759 = 8*t - 4521. Suppose 2*k = 4*q - 252 - t, 2*q - 3*k - 571 = 0. What are the prime factors of q?
293
Suppose 3344 = 49*t - 45*t. Suppose y = 3*l - t, -y = -0*y - 4. Let i = 401 - l. List the prime factors of i.
11
Suppose -30078 = -12*z - 2034. Suppose 12*w + z = 177. Let l = -47 - w. What are the prime factors of l?
7, 19
Let s(j) = 24*j**2 - 6*j + 112. Let p be s(9). Let y = -978 + p. What are the prime factors of y?
2
Suppose t + 5*q = -50, 2*q - 54 + 152 = -3*t. List the prime factors of (2 - (-20)/t)/((-1)/(-126)).
2, 3, 7
Suppose -m + 32 = -44. Suppose -58*b + 4 = -60*b. What are the prime factors of (m/(-16))/(b/32)?
2, 19
Suppose 25*p - 4*z + 43808 = 29*p, -4*p + 43787 = -3*z. What are the prime factors of p?
10949
Let o(j) = 321*j**2 + 93*j - 443. List the prime factors of o(5).
13, 619
Let o = -5316 - -8432. What are the prime factors of o?
2, 19, 41
Let s = 440 - 456. Let y(n) = 4*n**2 + 26*n + 145. What are the prime factors of y(s)?
3, 251
Suppose 430*o - 92148 = 402*o. What are the prime factors of o?
3, 1097
Let r(c) = -2*c**3 - 15*c**2 + 21*c - 2. Suppose 0 = j + j + 3*t + 33, -4*j - 2*t - 54 = 0. List the prime factors of r(j).
2, 521
Let o be (-2*15/2)/(-1). What are the prime factors of 2/o + 5904/270?
2, 11
Suppose 0 = 3*z + 3*i - 6, 3*z - 9 = -2*i - 0*i. List the prime factors of 3 + 4 + 470 + z.
2, 241
Suppose -4*t + 8*h - 11*h = 3473, 0 = -4*t + h - 3461. Let b = -341 - t. What are the prime factors of b?
3, 5, 7
Let u = 14604 + 287. What are the prime factors of u?
14891
Let y(h) = -111 - 22 - 62 - 47*h + 36. List the prime factors of y(-15).
2, 3, 7, 13
Suppose 5*z - 42 = -3*q, 4*q = 4*z - 7*z + 34. What are the prime factors of 417 - (28/z - 8/(-24))?
2, 103
Let y(d) = -3*d**2 - 103*d + 74. Let p(h) = -h**3 - 15*h**2 + 3*h + 13. Let i be p(-15). List the prime factors of y(i).
2, 149
Let p(r) = r**3 - 15*r**2 + 5*r - 19. Let h(w) = -5*w - 22. Let g be h(-6). Suppose -4*m + 4*l + g = -40, m - 6 = 3*l. List the prime factors of p(m).
2, 7
Let o be (2/(-2))/((-1)/4). Let r = 20 - 8. List t